the prime factors of 672.
2, 3, 7
List the prime factors of 1901.
1901
What are the prime factors of 21051?
3, 2339
List the prime factors of 8125.
5, 13
What are the prime factors of 26924?
2, 53, 127
List the prime factors of 30599.
37, 827
List the prime factors of 1263.
3, 421
List the prime factors of 45894.
2, 3, 7649
List the prime factors of 3994.
2, 1997
List the prime factors of 9968.
2, 7, 89
List the prime factors of 23377.
97, 241
List the prime factors of 1149.
3, 383
List the prime factors of 2942.
2, 1471
List the prime factors of 22271.
22271
List the prime factors of 419.
419
List the prime factors of 1936.
2, 11
List the prime factors of 100988.
2, 25247
What are the prime factors of 17055?
3, 5, 379
List the prime factors of 21018.
2, 3, 31, 113
What are the prime factors of 60496?
2, 19, 199
What are the prime factors of 51092?
2, 53, 241
What are the prime factors of 1356?
2, 3, 113
What are the prime factors of 87762?
2, 3, 14627
What are the prime factors of 32859?
3, 1217
List the prime factors of 2590.
2, 5, 7, 37
What are the prime factors of 7776?
2, 3
What are the prime factors of 117764?
2, 59, 499
List the prime factors of 2807.
7, 401
List the prime factors of 118327.
11, 31, 347
List the prime factors of 5506.
2, 2753
What are the prime factors of 15647?
15647
What are the prime factors of 271?
271
List the prime factors of 64940.
2, 5, 17, 191
List the prime factors of 294.
2, 3, 7
What are the prime factors of 2051?
7, 293
What are the prime factors of 527?
17, 31
What are the prime factors of 4335?
3, 5, 17
What are the prime factors of 32721?
3, 13, 839
List the prime factors of 2715.
3, 5, 181
What are the prime factors of 62546?
2, 11, 2843
List the prime factors of 2093.
7, 13, 23
List the prime factors of 38119.
38119
List the prime factors of 5389.
17, 317
List the prime factors of 35734.
2, 17, 1051
List the prime factors of 131353.
23, 5711
List the prime factors of 1341.
3, 149
What are the prime factors of 581?
7, 83
What are the prime factors of 3951?
3, 439
List the prime factors of 262.
2, 131
List the prime factors of 4453.
61, 73
What are the prime factors of 4429?
43, 103
What are the prime factors of 6157?
47, 131
What are the prime factors of 410?
2, 5, 41
What are the prime factors of 7752?
2, 3, 17, 19
List the prime factors of 3327.
3, 1109
List the prime factors of 10240.
2, 5
What are the prime factors of 5644?
2, 17, 83
What are the prime factors of 6380?
2, 5, 11, 29
List the prime factors of 27829.
17, 1637
What are the prime factors of 466?
2, 233
List the prime factors of 4459.
7, 13
What are the prime factors of 2065?
5, 7, 59
What are the prime factors of 728?
2, 7, 13
List the prime factors of 86912.
2, 7, 97
What are the prime factors of 620?
2, 5, 31
What are the prime factors of 33178?
2, 53, 313
List the prime factors of 7750.
2, 5, 31
What are the prime factors of 678?
2, 3, 113
List the prime factors of 758.
2, 379
What are the prime factors of 1892?
2, 11, 43
List the prime factors of 160006.
2, 7, 11, 1039
List the prime factors of 11074.
2, 7, 113
List the prime factors of 468.
2, 3, 13
List the prime factors of 5605.
5, 19, 59
List the prime factors of 161750.
2, 5, 647
List the prime factors of 40351.
40351
What are the prime factors of 9866?
2, 4933
What are the prime factors of 31938?
2, 3, 5323
List the prime factors of 11418.
2, 3, 11, 173
List the prime factors of 1261.
13, 97
List the prime factors of 803.
11, 73
What are the prime factors of 37630?
2, 5, 53, 71
What are the prime factors of 8868?
2, 3, 739
List the prime factors of 745.
5, 149
What are the prime factors of 25247?
25247
List the prime factors of 33199.
33199
What are the prime factors of 1384?
2, 173
List the prime factors of 4674.
2, 3, 19, 41
List the prime factors of 59.
59
List the prime factors of 855.
3, 5, 19
What are the prime factors of 888?
2, 3, 37
What are the prime factors of 27884?
2, 6971
What are the prime factors of 2274?
2, 3, 379
List the prime factors of 2088.
2, 3, 29
What are the prime factors of 11582?
2, 5791
List the prime factors of 1216.
2, 19
List the prime factors of 4824.
2, 3, 67
List the prime factors of 15167.
29, 523
What are the prime factors of 2957?
2957
List the prime factors of 23917.
23917
What are the prime factors of 7965?
3, 5, 59
What are the prime factors of 197235?
3, 5, 487
List the prime factors of 10321.
10321
List the prime factors of 43922.
2, 21961
What are the prime factors of 21837?
3, 29, 251
What are the prime factors of 4751?
4751
List the prime factors of 3444.
2, 3, 7, 41
List the prime factors of 167384.
2, 7, 61
What are the prime factors of 19134?
2, 3, 1063
List the prime factors of 114.
2, 3, 19
What are the prime factors of 1326?
2, 3, 13, 17
What are the prime factors of 40803?
3, 7, 29, 67
What are the prime factors of 1244?
2, 311
What are the prime factors of 7464?
2, 3, 311
List the prime factors of 17993.
19, 947
List the prime factors of 3172.
2, 13, 61
What are the prime factors of 4487?
7, 641
What are the prime factors of 9113?
13, 701
List the prime factors of 89005.
5, 7, 2543
What are the prime factors of 827?
827
List the prime factors of 34800.
2, 3, 5, 29
What are the prime factors of 43370?
2, 5, 4337
What are the prime factors of 837?
3, 31
What are the prime factors of 17774?
2, 8887
List the prime factors of 30.
2, 3, 5
What are the prime factors of 837?
3, 31
What are the prime factors of 6351?
3, 29, 73
What are the prime factors of 2154?
2, 3, 359
List the prime factors of 5760.
2, 3, 5
What are the prime factors of 2959?
11, 269
What are the prime factors of 3476?
2, 11, 79
List the prime factors of 176168.
2, 19, 61
List the prime factors of 37007.
23, 1609
List the prime factors of 1125.
3, 5
What are the prime factors of 2518?
2, 1259
What are the prime factors of 722?
2, 19
What are the prime factors of 6109?
41, 149
List the prime factors of 1547.
7, 13, 17
What are the prime factors of 1863?
3, 23
What are the prime factors of 5769?
3, 641
What are the prime factors of 143512?
2, 17939
What are the prime factors of 1251?
3, 139
List the prime factors of 157137.
3, 52379
What are the prime factors of 991?
991
List the prime factors of 36550.
2, 5, 17, 43
List the prime factors of 54027.
3, 23, 29
What are the prime factors of 5137?
11, 467
What are the prime factors of 68225?
5, 2729
List the prime factors of 17008.
2, 1063
What are the prime factors of 164568?
2, 3, 6857
What are the prime factors of 729?
3
List the prime factors of 2744.
2, 7
What are the prime factors of 50329?
50329
What are the prime factors of 10435?
5, 2087
What are the prime factors of 1043?
7, 149
List the prime factors of 989.
23, 43
What are the prime factors of 2873?
13, 17
What are the prime factors of 10348?
2, 13, 199
List the prime factors of 1940.
2, 5, 97
List the prime factors of 3138.
2, 3, 523
List the prime factors of 2166.
2, 3, 19
List the prime factors of 3576.
2, 3, 149
List the prime factors of 18286.
2, 41, 223
List the prime factors of 1482.
2, 3, 13, 19
What are the prime factors of 8892?
2, 3, 13, 19
What are the prime factors of 37510?
2, 5, 11, 31
List the prime factors of 7485.
3, 5, 499
What are the prime factors of 20286?
2, 3, 7, 23
What are the prime factors of 4180?
2, 5, 11, 19
List the prime factors of 755.
5, 151
What are the prime factors of 130?
2, 5, 13
List the prime factors of 1987.
1987
What are the prime factors of 12898?
2, 6449
What are the prime factors of 10353?
3, 7, 17, 29
What are the prime factors of 85280?
2, 5, 13, 41
List the prime factors of 3349.
17, 197
What are the prime factors of 2184?
2, 3, 7, 13
What are the prime factors of 1423?
1423
List the prime factors of 4832.
2, 151
What are the prime factors of 1046?
2, 523
What are the prime factors of 7152?
2, 3, 149
List the prime factors of 13363.
7, 23, 83
List the prime factors of 6740.
2, 5, 337
What are the prime factors of 19458?
2, 3, 23, 47
What are the prime factors of 8223?
3, 2741
What are the prime factors of 47430?
2, 3, 5, 17, 31
What are the prime factors of 2832?
2, 3, 59
List the prime factors of 120309.
3, 7, 17, 337
What are the prime factors of 95803?
95803
List the prime factors of 5683.
5683
What 